. Suppose 7 = -2*v + 119. What is the highest common divisor of v and u?
7
Suppose 5*r = 2*r + 15. Suppose 2*u + u + 195 = 3*g, 0 = -r*g + u + 321. Let h = 3 + 13. Calculate the highest common factor of h and g.
16
Let p be (-167)/(-11) - (-10)/(-440)*8. Suppose -3*q - 3*v = v - 311, -5*v + 520 = 5*q. What is the highest common factor of q and p?
15
Let p be 1/((-2)/28*34/(-255)). Calculate the highest common factor of p and 245.
35
Suppose 3*j = -3*x + 57, -2*j + x = -9 - 17. Let c be 1*(-297)/(-12) - j/20. What is the greatest common divisor of 36 and c?
12
Suppose -3*a = 5*k - 1665, -8*a + 3*k = -3*a - 2741. Calculate the greatest common factor of a and 100.
50
Suppose 9*g = -130 + 544. What is the highest common divisor of 506 and g?
46
Suppose 3*q = -5*v + 909, -4*v = -2*v - 2*q - 354. Suppose 11*d - 18*d = 1001. Let k = 161 + d. Calculate the highest common divisor of k and v.
18
Let g be (-8)/(-36) - 1796/(-18). Let t = -775 - -815. What is the highest common factor of g and t?
20
Suppose 5*j = 3*d - 199, 3*d - 4*j = 2*d + 57. What is the highest common factor of d and 73?
73
Let v = 1245 - 1215. Calculate the greatest common factor of 12 and v.
6
Suppose 0*m + 4*m - 2*v = 68, -68 = -4*m + 4*v. Let k = m - 11. Suppose 11*w - 13*w = -30. What is the highest common factor of w and k?
3
Suppose 4*t = 3*u - 134, -6*u - 4*t + 132 = -2*u. Suppose 160 + 30 = 2*m. What is the greatest common factor of m and u?
19
Let f = 39 + 156. What is the greatest common divisor of 78 and f?
39
Let b = 22 - 18. Let u(x) = 3*x**2 - 6*x - 2. Let y be u(b). Let q be ((-3)/2)/(6/(-8)). What is the greatest common factor of y and q?
2
Suppose 0 = 4*v + x - 7, -2*x = 5*v + 3*x - 5. Suppose -11 + 53 = v*s. Calculate the highest common divisor of 168 and s.
21
Let p be 51/3 + 20/(-5). Suppose 4 = -3*f + p. Let i(h) = 11*h - 5. Let v be i(f). Calculate the greatest common divisor of v and 196.
28
Suppose -3*l + 109 = -8. Let x = -2302 - -2419. Calculate the highest common divisor of x and l.
39
Let l be ((-23)/(-2) + 2)/((-45)/(-450)). What is the highest common factor of l and 225?
45
Suppose -32 = -0*x - 4*x. Suppose -2*c = 7*j - 3*j + 6, -j = -2*c + 9. Suppose -d = 3*a + 1, a - 15 = c*d - 2. What is the greatest common factor of x and a?
1
Suppose 0 = 2*k + 2*v - 14, k + 2*v = 4*k - 46. Suppose 4 - 76 = -2*m. Calculate the highest common factor of k and m.
12
Let b be (2 + 10)*(-2)/(-1). Let c = b + -20. Let q be c/(3 - 1) - -38. What is the highest common factor of q and 10?
10
Suppose 2*q = 7*q - c - 218, -140 = -3*q - 4*c. What is the greatest common factor of 902 and q?
22
Let n(v) = -v**2 - 6*v - 3. Let s = 6 - 10. Let h be n(s). Calculate the greatest common factor of 45 and h.
5
Suppose -26 = -8*n + 1254. What is the greatest common divisor of n and 288?
32
Suppose 4*y = 55 + 25. Let z be 2*(3 - (-630)/(-4)). Let c = z + 469. What is the greatest common divisor of y and c?
20
Let s(i) = i**3 + 9*i**2 - i + 9. Let m be s(-9). Let h = 1634 + -1553. What is the greatest common divisor of h and m?
9
Let k be (30 + -2)/(2/11). Suppose 0 = i - 4 - 18. What is the greatest common divisor of k and i?
22
Suppose 3*m = 2*i - 5, -4*i - m - 5 = -22. Suppose i*o = 30 + 38. Suppose -8 = -p - 2*r, -4*r - 17 = -3*p + o. What is the highest common divisor of p and 10?
10
Let l(i) = -11*i**3 + 2*i**2 - 2*i - 2. Let t be l(-1). Calculate the greatest common factor of 143 and t.
13
Let d = -265 - -303. Suppose -207 = 6*u - 777. What is the greatest common divisor of u and d?
19
Suppose -7*g + 8 + 76 = 0. Calculate the greatest common divisor of g and 138.
6
Let g(v) = 3*v + 2. Let h = 68 - 66. Let b be g(h). What is the greatest common divisor of 16 and b?
8
Suppose -32*o + 1638 = 10*o. Calculate the greatest common factor of 312 and o.
39
Suppose -5*b = -4*v - 1944, 2*b - 3*v - v - 768 = 0. What is the greatest common factor of 42 and b?
14
Suppose -2*c = 2*c - 48. Suppose v + s + 5 = 0, -s + 15 = v - 4*s. Suppose v = w - 3*f + 9, 5*w - 40 = -0*f - 2*f. What is the highest common factor of w and c?
6
Let d be 1*10/(-25)*(-50)/20. What is the highest common divisor of d and 27?
1
Suppose 0*v + 3*u - 10 = -v, 5*v = 2*u + 16. What is the highest common divisor of 540 and v?
4
Let n = -76 + 128. Calculate the highest common factor of n and 91.
13
Let b be 6/(-3)*(-3)/(-6). Let i be b/(-4 - -3) - -6. Calculate the highest common divisor of i and 49.
7
Let s be (54/120)/(3/64)*15. What is the highest common divisor of 36 and s?
36
Let m be ((-12)/(-3) + -7)/(1/(-5)). What is the greatest common divisor of 75 and m?
15
Let n(c) = -c**3 + c**2 - 52. Let d be n(0). Let r = 26 + d. Let g = 59 + r. What is the greatest common factor of g and 3?
3
Let z be 4*(2 + (0 - 0)). Let l = -384 + 388. Suppose -z = -l*j - 4*k, -2 = j - 2*k - k. Calculate the highest common divisor of j and 3.
1
Suppose 0 = 78*v - 83*v + 1140. What is the greatest common divisor of v and 36?
12
Suppose 2*j - 2*s - 14 = j, 41 = 4*j - 5*s. Suppose -3*b - 12 = -j*b. Calculate the greatest common divisor of b and 168.
12
Let a be (-1)/(-1 - 15/(-18)). Let s = -462 - -528. What is the highest common divisor of a and s?
6
Let z = -123 + 137. Let t be 3/(-6) + z/4. Calculate the greatest common factor of t and 24.
3
Let d(x) = -3*x**3 - 7*x**2 + 4*x + 30. Let q be d(-5). What is the greatest common factor of 30 and q?
30
Let y(a) = 5*a + 232. Let q be y(13). What is the highest common factor of q and 99?
99
Suppose -12 = o - 6*c + 2*c, -2*o = 4*c - 24. Let h be 16/(-24)*-1*258/4. Let v = h - o. Calculate the highest common factor of 13 and v.
13
Let l(h) = -15*h - 42. Let z be l(-4). What is the highest common divisor of 30 and z?
6
Suppose 5*y + 0*y = 10. Suppose -2*l + 20 = y*l. Suppose 3*r + 4*w = 61, -r = -5*r - 5*w + 80. Calculate the highest common divisor of r and l.
5
Let k = 2 + 106. Let g(c) = -6*c**2 + 27*c - 1. Let o be g(5). Let v = 28 + o. What is the greatest common factor of k and v?
12
Let t = -26 - -30. Suppose t*y - 119 = 121. Calculate the greatest common divisor of y and 20.
20
Let l be 5 + (3 - 2) + -3. Suppose l*c = -2*c - 365. Let y = c + 109. Calculate the highest common factor of y and 4.
4
Suppose -4*b + 1195 = 1015. Calculate the greatest common divisor of b and 20.
5
Let t be 92/(-5)*(-35)/14. Calculate the greatest common factor of t and 161.
23
Suppose c = 5*f + 436, f - 2064 = -5*c - 3*f. Calculate the highest common factor of c and 156.
52
Let v(x) = -5*x - 3 + 11*x - 5*x. Let i be v(5). Let d = i - -8. Calculate the greatest common factor of d and 70.
10
Suppose 0 = 2*i + 88 - 574. Let k(w) = 3 + 4 + 28*w**2 - 5 - 3. Let j be k(1). What is the highest common factor of i and j?
27
Suppose 5*z + 5*w - 120 = 0, 2*z - 3*w - 23 = 20. Calculate the greatest common divisor of z and 46.
23
Suppose 238 = -496*t + 498*t. Calculate the greatest common divisor of t and 51.
17
Let v(g) = -g**3 + 15*g**2 + 17*g - 15. Let j be v(16). Suppose -54 = -4*b - 3*z, -5 = 3*z + j. Calculate the greatest common factor of 135 and b.
15
Let a(v) = 26*v**3 - 2*v**2 + 2*v - 1. Let x be a(1). Suppose x = 5*m, -m - 4 - 111 = -5*t. What is the greatest common divisor of 120 and t?
24
Let l be (-4 + 3 - 4)/(-1). What is the highest common divisor of 215 and l?
5
Let f = -1193 + 1235. What is the greatest common divisor of 54 and f?
6
Suppose 0 = -0*b + b + 29. Let w = b + 41. Let r be (-2)/(-9) + (-1940)/(-18). Calculate the highest common divisor of r and w.
12
Suppose -3*c - 1624 = 830. Let a = -488 - c. Suppose y = -5*y + a. What is the greatest common factor of y and 11?
11
Let u(s) = s**3 - 58*s**2 + 69*s - 495. Let q be u(57). Calculate the highest common factor of q and 168.
21
Let w = -18 + 62. Let x(n) be the third derivative of n**4/12 - 5*n**3/3 - 23*n**2. Let z be x(7). Calculate the greatest common factor of w and z.
4
Let f(t) = -t**2 - 14*t - 14. Let p be f(-12). Suppose 364 = -z + 5*z - 4*x, -2*x - 362 = -4*z. What is the highest common factor of z and p?
10
Suppose 21 = 2*s + 4*x + 3, -11 = -4*s - 3*x. Let g = 13 - 19. Let n be 30 - ((s - -5) + g). What is the highest common factor of n and 32?
32
Suppose 3*s = 4*j - 1 + 41, -5*j + 20 = 5*s. Calculate the highest common divisor of 72 and s.
8
Supp